the greatest common divisor of 6358 and 1870.
374
Calculate the greatest common divisor of 2007 and 3609.
9
What is the highest common factor of 880 and 29590?
110
What is the highest common divisor of 11 and 11119?
1
Calculate the greatest common divisor of 303 and 557217.
303
What is the greatest common divisor of 1391 and 21671?
13
What is the highest common factor of 470 and 290040?
10
Calculate the greatest common factor of 37 and 4582931.
37
Calculate the highest common factor of 5400 and 212040.
360
Calculate the greatest common factor of 1357 and 2300.
23
What is the highest common divisor of 14784 and 20?
4
Calculate the highest common factor of 990640 and 915.
305
Calculate the highest common divisor of 7997 and 143.
11
What is the greatest common factor of 116 and 27028?
116
Calculate the greatest common divisor of 33 and 18689.
11
Calculate the greatest common divisor of 4 and 68048.
4
What is the highest common divisor of 13932 and 860?
172
What is the highest common factor of 18 and 320526?
18
What is the greatest common factor of 40 and 16370?
10
Calculate the greatest common factor of 83912 and 2584.
136
What is the highest common factor of 2 and 106210?
2
What is the highest common factor of 1628 and 293249?
11
Calculate the greatest common divisor of 16297 and 17434.
379
Calculate the greatest common divisor of 279 and 657324.
279
What is the highest common factor of 1783 and 14?
1
What is the greatest common factor of 11 and 309716?
11
Calculate the greatest common factor of 7937918 and 394.
394
Calculate the greatest common factor of 33740 and 26028.
964
Calculate the highest common divisor of 375 and 166125.
375
What is the highest common factor of 6 and 13890?
6
Calculate the highest common factor of 95 and 26714.
19
Calculate the greatest common divisor of 376 and 5792.
8
Calculate the greatest common divisor of 1456 and 65128.
56
Calculate the greatest common divisor of 1815 and 495.
165
Calculate the highest common divisor of 2208 and 179400.
552
Calculate the greatest common divisor of 846 and 23274.
18
What is the greatest common factor of 10022 and 8?
2
Calculate the greatest common factor of 663 and 9741.
51
What is the greatest common divisor of 30 and 35130?
30
Calculate the highest common divisor of 328 and 30258.
82
What is the greatest common divisor of 1085 and 11191?
31
What is the greatest common factor of 5111 and 1273?
19
What is the greatest common factor of 13600 and 9860?
340
Calculate the greatest common divisor of 63 and 14091.
21
Calculate the highest common divisor of 16463634 and 6.
6
What is the greatest common factor of 4779 and 891?
81
Calculate the highest common factor of 1432193 and 7.
7
What is the highest common factor of 620 and 760?
20
What is the greatest common divisor of 109934 and 88?
22
What is the highest common factor of 74659 and 26?
13
Calculate the highest common divisor of 66 and 2505404.
22
What is the highest common divisor of 1062 and 552?
6
What is the highest common factor of 11655 and 34225?
185
What is the highest common factor of 1629 and 612?
9
Calculate the greatest common factor of 38 and 160037.
19
What is the greatest common divisor of 18511 and 5778?
107
What is the greatest common divisor of 10323 and 126207?
333
Calculate the highest common factor of 225 and 264875.
25
What is the greatest common divisor of 104820 and 960?
60
Calculate the greatest common factor of 16591 and 6001.
353
Calculate the greatest common divisor of 23660 and 1547.
91
What is the highest common divisor of 95 and 2197160?
95
What is the highest common factor of 3 and 808893?
3
Calculate the greatest common factor of 8359 and 2912.
13
Calculate the greatest common factor of 14473 and 8825.
353
Calculate the highest common divisor of 89052 and 2706.
246
What is the highest common divisor of 640 and 28080?
80
Calculate the highest common factor of 13600 and 416800.
800
Calculate the highest common factor of 20811 and 42.
21
What is the highest common factor of 322570 and 20?
10
What is the highest common divisor of 986280 and 180?
60
Calculate the greatest common factor of 2134 and 20988.
22
Calculate the highest common factor of 288 and 8940.
12
What is the highest common divisor of 976 and 2301530?
122
What is the greatest common factor of 168 and 54810?
42
What is the greatest common factor of 32200 and 1620?
20
Calculate the highest common divisor of 903 and 2961.
21
Calculate the greatest common divisor of 44 and 212.
4
Calculate the greatest common factor of 512 and 93056.
128
What is the greatest common divisor of 132 and 574134?
66
Calculate the greatest common factor of 4 and 7018.
2
Calculate the highest common divisor of 206034 and 138.
138
Calculate the greatest common factor of 8 and 2692.
4
What is the highest common divisor of 87607 and 23?
23
Calculate the greatest common divisor of 232 and 24737.
29
Calculate the highest common divisor of 177 and 58587.
177
Calculate the highest common factor of 1472 and 46656.
64
Calculate the highest common factor of 100993 and 92.
23
Calculate the greatest common factor of 148 and 1579419.
37
What is the greatest common divisor of 33466 and 99821?
577
Calculate the highest common factor of 133 and 293531.
133
What is the highest common factor of 16383 and 51471?
129
Calculate the greatest common divisor of 2112 and 1146.
6
What is the highest common divisor of 129163 and 1816?
227
What is the greatest common factor of 102548 and 4?
4
What is the highest common factor of 221715 and 585?
585
What is the greatest common factor of 285 and 2535?
15
Calculate the greatest common factor of 4833 and 4475.
179
What is the greatest common divisor of 18326 and 72369?
187
What is the greatest common factor of 5 and 292165?
5
What is the greatest common divisor of 416216 and 8?
8
What is the highest common divisor of 40 and 2705?
5
Calculate the highest common factor of 24812 and 4.
4
Calculate the greatest common factor of 1434879 and 9.
9
What is the greatest common factor of 2019396 and 48?
12
What is the greatest common factor of 10754 and 28196?
38
Calculate the highest common divisor of 58 and 459766.
58
Calculate the highest common divisor of 206426 and 2178.
242
Calculate the greatest common factor of 35649 and 1398.
699
Calculate the highest common divisor of 15948 and 54.
18
What is the greatest common divisor of 4769 and 19?
19
Calculate the greatest common divisor of 240778 and 262.
262
What is the greatest common factor of 124829 and 43?
43
Calculate the greatest common divisor of 320 and 95720.
40
Calculate the greatest common factor of 103 and 1074187.
103
Calculate the greatest common factor of 250 and 1747500.
250
What is the greatest common divisor of 73378 and 38?
38
Calculate the highest common factor of 280088 and 471.
157
What is the greatest common factor of 6030 and 82890?
90
Calculate the greatest common divisor of 518 and 262108.
518
Calculate the highest common factor of 561 and 10047.
51
What is the greatest common divisor of 105120 and 80?
80
What is the greatest common factor of 1290 and 75594?
258
What is the highest common factor of 58718 and 4488?
374
What is the greatest common factor of 480 and 7548?
12
Calculate the highest common factor of 23 and 526723.
23
Calculate the highest common factor of 1344 and 99904.
448
What is the highest common divisor of 16702 and 686?
14
What is the greatest common divisor of 5 and 983495?
5
What is the greatest common factor of 244665 and 45?
45
What is the greatest common factor of 1146 and 8142?
6
Calculate the greatest common divisor of 75 and 9365.
5
Calculate the highest common divisor of 430 and 17759.
43
Calculate the greatest common divisor of 9361 and 143.
11
What is the greatest common factor of 3828 and 1932?
12
Calculate the greatest common divisor of 986 and 6528.
34
Calculate the greatest common divisor of 5319 and 639.
9
What is the greatest common factor of 7070 and 1818?
202
What is the greatest common divisor of 613262 and 1832?
458
What is the highest common divisor of 160 and 610?
10
What is the greatest common divisor of 548 and 236?
4
Calculate the highest common divisor of 11336 and 180504.
872
What is the greatest common factor of 93 and 189906?
93
Ca